r of 135755786?
False
Is 73 a factor of 31021573?
False
Is 6092323 a multiple of 166?
False
Does 79 divide 109282754?
True
Is 28612361 a multiple of 9?
False
Is 19206396 a multiple of 1782?
True
Is 47543847 a multiple of 39?
True
Is 12171383 a multiple of 7?
True
Is 1251572407 a multiple of 10?
False
Does 139 divide 10740947?
True
Does 540 divide 681412500?
True
Is 36 a factor of 261346320?
True
Is 5075630 a multiple of 70?
True
Does 58 divide 23649963?
False
Is 6876572 a multiple of 254?
False
Does 665 divide 588995820?
True
Is 59213068 a multiple of 194?
True
Is 19 a factor of 241933175?
True
Is 6 a factor of 302407812?
True
Does 14 divide 2394768?
False
Is 49 a factor of 382140998?
False
Is 10 a factor of 1283098370?
True
Is 198187258 a multiple of 575?
False
Is 127 a factor of 20627178?
False
Is 788198340 a multiple of 15?
True
Is 63 a factor of 18858695?
False
Is 1806 a factor of 1014158680?
False
Is 4547636 a multiple of 3?
False
Is 2054031408 a multiple of 143?
True
Is 21030874 a multiple of 125?
False
Is 534320010 a multiple of 441?
True
Does 36 divide 236554155?
False
Is 113 a factor of 60863495?
True
Is 79 a factor of 22763060?
True
Is 319 a factor of 3085144?
False
Is 2453520 even?
True
Does 1270 divide 263978218?
False
Is 156 a factor of 7140900?
True
Does 49 divide 388810267?
False
Does 34 divide 1383358?
True
Is 1137 a factor of 12525192?
True
Is 182723530 a multiple of 725?
False
Is 1991111249 a multiple of 22?
False
Is 186366069 a multiple of 29?
False
Is 6 a factor of 38387910?
True
Does 30 divide 63439379?
False
Is 18297249 a multiple of 14?
False
Does 161 divide 190026121?
False
Is 1462994896 a multiple of 1832?
True
Is 64 a factor of 1558314560?
True
Is 88 a factor of 166311058?
False
Does 40 divide 1295325440?
True
Does 158 divide 14967024?
True
Is 1380285 a multiple of 2326?
False
Is 9 a factor of 542610236?
False
Is 282340050 a multiple of 152?
False
Is 5357 a factor of 358118912?
False
Does 169 divide 1294943701?
False
Is 296790498 a multiple of 6791?
False
Does 245 divide 52429216?
False
Does 161 divide 383055064?
True
Is 30 a factor of 13572870?
True
Does 231 divide 239033604?
False
Does 3597 divide 323780358?
True
Is 183 a factor of 620628362?
False
Is 1717843916 a multiple of 755?
False
Is 23520663 a multiple of 2615?
False
Does 176 divide 697306643?
False
Does 136 divide 49140472?
True
Is 8583 a factor of 4054935354?
True
Does 6 divide 14247320?
False
Does 833 divide 361121327?
True
Is 162 a factor of 3852524990?
False
Does 101 divide 34705620?
True
Is 2330977 a multiple of 5?
False
Is 835628318 a multiple of 3269?
True
Does 19 divide 16064938?
False
Is 551626686 a multiple of 3807?
True
Does 42 divide 95848812?
False
Does 1531 divide 197028542?
False
Is 192 a factor of 256426944?
True
Is 118 a factor of 58965400?
False
Is 372949036 a multiple of 21?
False
Does 18 divide 314602551?
False
Does 5 divide 8106440?
True
Is 97863180 a multiple of 12?
True
Does 37 divide 79354973?
True
Is 2 a factor of 40033?
False
Is 2086 a factor of 2032369153?
False
Is 125 a factor of 33916638?
False
Is 179 a factor of 2292644147?
False
Does 317 divide 970052651?
True
Is 6796886 a multiple of 57?
False
Is 158289044 a multiple of 235?
False
Is 23755536 a multiple of 252?
True
Is 17250410 a multiple of 1598?
True
Does 29 divide 27838463?
True
Is 60 a factor of 2204004840?
True
Is 119488350 a multiple of 955?
False
Is 34294419 a multiple of 31?
False
Is 164 a factor of 350987060?
True
Is 640 a factor of 595440?
False
Is 25 a factor of 92112629?
False
Does 1518 divide 77682305?
False
Is 4224552 a multiple of 17?
False
Is 43781745 a multiple of 1205?
False
Does 8 divide 111249725?
False
Is 9933605 a multiple of 55?
True
Is 79377185 a multiple of 67?
False
Is 186040 even?
True
Is 35250373 a multiple of 143?
False
Does 8 divide 597575711?
False
Is 3395960948 a multiple of 989?
True
Is 40139359 a multiple of 13?
True
Does 181 divide 1518775706?
True
Does 6 divide 132510222?
True
Does 169 divide 133311763?
True
Is 145001128 a multiple of 1198?
True
Is 19 a factor of 1385376108?
True
Does 1777 divide 161490206?
True
Is 37 a factor of 206085807?
False
Is 7 a factor of 1254280302?
False
Does 31 divide 81931051?
False
Is 344203814 a multiple of 14?
False
Is 2 a factor of 120429312?
True
Is 268566752 a multiple of 2656?
True
Is 464608088 a multiple of 3351?
False
Is 1089349761 a multiple of 4186?
False
Does 595 divide 37237323?
False
Does 260 divide 19330480?
True
Is 65080946 a multiple of 7?
True
Is 218041082 a multiple of 4513?
True
Is 301634696 a multiple of 1633?
True
Is 33208032 a multiple of 1066?
True
Does 1220 divide 73888533?
False
Is 2853 a factor of 1006367220?
True
Is 610036 a multiple of 45?
False
Does 2483 divide 253486987?
True
Does 667 divide 33778301?
False
Is 46 a factor of 4898586?
True
Does 3706 divide 85019002?
False
Is 3917 a factor of 99335738?
False
Is 68 a factor of 67760912?
True
Is 53657767 a multiple of 10?
False
Is 654 a factor of 287443098?
False
Does 13 divide 162527378?
True
Does 202 divide 76329581?
False
Is 38960944 a multiple of 671?
True
Does 4 divide 9854215?
False
Is 219 a factor of 27360551?
False
Is 19 a factor of 21796476?
False
Does 15 divide 41476620?
True
Is 42363959 a multiple of 18?
False
Is 13 a factor of 3239522234?
True
Is 2673 a factor of 1685351511?
False
Does 1480 divide 9543040?
True
Is 10 a factor of 129047518?
False
Is 103 a factor of 78959697?
True
Does 29 divide 669055172?
True
Is 77 a factor of 133348154?
False
Is 95526913 a multiple of 521?
True
Does 10 divide 774325610?
True
Is 615 a factor of 4075902045?
True
Is 13 a factor of 654683822?
True
Is 426312 a multiple of 93?
True
Is 1909160242 a multiple of 418?
True
Is 223 a factor of 4850250?
True
Is 61 a factor of 32642991?
True
Is 20 a factor of 397688540?
True
Is 21 a factor of 27826920?
False
Does 12 divide 396409973?
False
Does 9 divide 2242369913?
False
Is 9442400 a multiple of 40?
True
Is 59789780 a multiple of 9?
False
Does 10 divide 78122944?
False
Is 1196 a factor of 4878084418?
False
Does 25 divide 151468201?
False
Is 7 a factor of 258160609?
True
Is 1459415756 a multiple of 4358?
True
Is 104817274 a multiple of 5486?
False
Does 15 divide 17667775?
False
Is 564195152 a multiple of 8?
True
Is 10 a factor of 135780832?
False
Is 4097 a factor of 237871920?
False
Does 13 divide 274142193?
True
Is 57713600 a multiple of 1600?
True
Is 1341 a factor of 162936864?
True
Is 15 a factor of 436466400?
True
Is 41633 a multiple of 2112?
False
Is 18643353 a multiple of 63?
False
Is 72 a factor of 81275544?
True
Does 692 divide 2744010644?
False
Is 1766817207 a multiple of 48?
False
Is 113529636 a multiple of 3002?
True
Is 36 a factor of 9671652?
True
Is 24 a factor of 63764016?
True
Is 80204133 a multiple of 65?
False
Does 25 divide 111234833?
False
Does 65 divide 263552503?
False
Does 86 divide 8281542?
True
Is 1922123739 a multiple of 220?
False
Does 6 divide 75035764?
False
Is 613782 a multiple of 86?
True
Is 75 a factor of 35604450?
True
Is 23732604 a multiple of 574?
True
Is 753 a factor of 36181650?
True
Is 106103112 a multiple of 116?
True
Is 59 a factor of 384086342?
True
Does 10 divide 4209500?
True
Is 2872179 even?
False
Is 39754912 a multiple of 32?
True
Is 20392404 a multiple of 27?
False
Is 13 a factor of 35584883?
False
Does 18 divide 5333783?
False
Is 16 a factor of 47290775?
False
Is 419 a factor of 33328098?
True
Is 32 a factor of 31051230?
False
Is 93 a factor of 965558788?
False
Is 146032553 a multiple of 3853?
True
Does 272 divide 8590166?
False
Does 433 divide 112107597?
True
Does 6 divide 1724652?
True
Is 37 a factor of 114987430?
False
Is 938 a factor of 2788445128?
True
Does 22 divide 33418462?
True
Is 44210208 a multiple of 44?
False
Is 2360 a factor of 583971704?
False
Is 85244522 a multiple of 22?
True
Is 462 a factor of 11587884?
True
Does 3700 divide 5410387900?
True
Is 25208115 a multiple of 93?
True
Is 855 a factor of 547600995?
True
Is 1537 a factor of 226415470?
True
Is 22329280 a multiple of 16?
True
Does 18 divide 422222796?
True
Is 49124685 a multiple of 349?
False
Is 2599458060 a multiple of 924?
False
Is 1957 a factor of 46811440?
True
Is 3222377721 a multiple of 15?
False
Is 145367179 a multiple of 1839